en y is divided by k?
12
Suppose -34*x = -44*x + 320. What is the remainder when 250 is divided by x?
26
Let l = 9 - 8. Let h = l + -3. What is the remainder when (7/(-1) - h)/(-1) is divided by 2?
1
Suppose -4*v = -v - 21. Suppose 178 = 5*j + 43. What is the remainder when 9/j - (-38)/3 is divided by v?
6
Suppose -p + 0*p = 0. Let k = 28 + 8. Suppose 2*g + 0*g - k = p. What is the remainder when g is divided by 10?
8
Let j be (52/(-6))/(4/6). Let c be j/2 + 24/16. What is the remainder when 11 is divided by (-2)/3*(c + -1)?
3
Suppose 5*o - 8*o - 5*g + 91 = 0, -3*o = -g - 79. Suppose 5*y + 5*c = 3*c + 79, -4*y - 5*c + 70 = 0. What is the remainder when o is divided by y?
12
Suppose -4*d + 3*a = -8*d + 18, -5*a = 3*d - 19. Suppose -d*m = 7 - 16. What is the remainder when 9 is divided by m?
0
Let m(k) = 2*k**2 + 43*k - 345. Calculate the remainder when 29 is divided by m(-28).
10
Let b(y) = -y**2 - 10*y - 2. Let p = 0 - 5. Calculate the remainder when 86 is divided by b(p).
17
Let x be 2/3 + 35/15. Let u(k) = 79*k + 2. Let f be u(-5). What is the remainder when x/18 + f/(-18) is divided by 8?
6
Suppose -p + 2 = -13. Suppose -471 = 7*s - 2032. Calculate the remainder when s is divided by p.
13
Suppose 169 = 4*v + 97. What is the remainder when 40 is divided by v?
4
Let d(h) = -h**3 + 9*h**2 - 17*h + 5. Let v = -70 + 75. What is the remainder when d(v) is divided by 8?
4
Suppose -2*z + 21 = -5*m + 6*m, -4*m - 2*z + 78 = 0. Suppose -2*k + 26 = 2*y, 0*y - 3*y = -9. Calculate the remainder when m is divided by k.
9
Suppose 5*i - 4*k + k - 122 = 0, 104 = 4*i - 4*k. Let n(w) = -4*w - 41. Let x be n(-11). Suppose 2*q = x*q - i. Calculate the remainder when 86 is divided by q.
20
Let y = 767 + -750. Calculate the remainder when 286 is divided by y.
14
Let u(m) = m**2 - 18*m + 52. Let v = -5 - -20. Calculate the remainder when 116 is divided by u(v).
4
Suppose -2*p + 7 = r, -3*p + 6*p + 5*r - 7 = 0. Suppose i - 4 = -3*i. Suppose -c + i = -0*c, -3*w = -2*c - 40. Calculate the remainder when w is divided by p.
2
Suppose 8*a + 47 - 119 = 0. Calculate the remainder when 69 is divided by a.
6
Suppose 0 = 3*u + v - 32, 0 = -5*u - 0*v + 4*v + 59. Suppose -5*s + 38 + 57 = 5*a, 35 = 2*s + 5*a. Calculate the remainder when s is divided by u.
9
Let y(m) = 11*m**2 + 57*m - 13. What is the remainder when y(-9) is divided by 37?
32
Let r(n) = -n + 5. Let y = -15 - -13. Let k(f) = -f**3 - 3*f**2 + f - 1. What is the remainder when k(-4) is divided by r(y)?
4
Suppose 3*b = 2 + 13. Suppose f - b = -1. Suppose r - 320 = -f*r. What is the remainder when r is divided by 22?
20
Suppose 9*y = 42*y - 495. Calculate the remainder when 2/(-6) - 254/(-6) is divided by y.
12
Let s(g) = 1 + 8*g**2 - 4*g - 3*g**2 + 4*g - g. Let z be s(1). Suppose 2*u - z = 4*t + 21, -3*u + 3*t = -54. What is the remainder when u is divided by 6?
5
Let o be 625/15 + (1 - (-6)/(-9)). Suppose 2*g = -g + o. Suppose 2*d - 265 = -3*d. What is the remainder when d is divided by g?
11
Let m = 639 + -517. Calculate the remainder when m is divided by 31.
29
Suppose 4780 = 64*c - 44*c. What is the remainder when c is divided by 231?
8
Let o(d) = 2*d + 1. Let u be o(-6). Let j(v) = -13*v + 97. Let m be j(9). Let t = u - m. What is the remainder when t is divided by 6?
3
Let o = 1312 + -1301. Suppose 9*b = 4*b + 20. Let u = o - b. Calculate the remainder when 11 is divided by u.
4
Let m(w) = -2*w**3 + 7 + 3*w**3 + 7. Calculate the remainder when 65 is divided by m(0).
9
Let x(g) = -2*g**2 + 14*g - 6. Let n be x(6). Let p = n - -70. Suppose p = h + 3*h. Calculate the remainder when h is divided by 5.
4
Suppose -f = 2*f. Suppose f = 9*v - 183 - 150. Calculate the remainder when v is divided by 20.
17
What is the remainder when 537 is divided by 4 - (-7 - (-161)/21)*-156?
105
Suppose -1841 + 101 = -4*o. Suppose -l - 4*l - 25 = 0, -4*b = -3*l - o. What is the remainder when b is divided by 27?
24
Calculate the remainder when 297 is divided by (3/((-3)/97))/((-13)/13).
6
Suppose 18*x + 23 = 239. Calculate the remainder when 58 is divided by x.
10
Let r = -164 + 203. Suppose 2*j = -3*x - 6, -4*j - 2*x + 7 = 3. Suppose j*c - r - 45 = 0. Calculate the remainder when c is divided by 10.
8
Let i(w) = -18*w + 17. Let t = -338 - -361. What is the remainder when i(-4) is divided by t?
20
Let y = -301 + 466. Suppose 2*k - 77 = 4*v + 37, -3*v - y = -3*k. Suppose 2*m + 17 = 55. Calculate the remainder when k is divided by m.
15
Suppose -27*q + 79*q = 260. What is the remainder when 202 is divided by q?
2
Suppose 0 = -3*r + 4*r - 4, -4*q + r + 48 = 0. What is the remainder when q is divided by (-2 - -1)*(-8 - -1)?
6
Suppose 17*p - 8*p - 1521 = 0. Let m = p - 76. What is the remainder when m is divided by 48?
45
Suppose -1 - 1 = -c. Suppose c*k - 30 - 44 = 0. Suppose -4*y - r = -68 + 23, 20 = 4*r. What is the remainder when k is divided by y?
7
Let l = -122 - -386. Suppose -4*y - 3*p + 2*p = -l, 2*p + 264 = 4*y. Let b(o) = -7*o - 4. Calculate the remainder when y is divided by b(-3).
15
Suppose 50 = y - 8. Let m = -27 + 51. Suppose m = n - y. What is the remainder when n is divided by 21?
19
Let w(j) = -2*j. Let g be (1 - 0) + 6/(-2). Suppose 175*h - 178*h + 54 = 2*m, h - 8 = m. Calculate the remainder when h is divided by w(g).
2
Suppose 8 = -2*h, -4*j + j + 4*h = -124. Suppose 0 = -4*v + j - 20. Suppose -6*s + v*s = -24. Calculate the remainder when 33 is divided by s.
9
Let g(b) be the second derivative of -b**4/12 + b**3/3 + 13*b**2 - 17*b. What is the remainder when 43 is divided by g(5)?
10
Let k(m) = -4*m - 1. Let y be k(6). Suppose 4*j + d = 248 - 52, d + 4 = 0. Let o = y + j. Calculate the remainder when 72 is divided by o.
22
Let m(y) = 3*y**2 - 50*y + 287. Calculate the remainder when m(7) is divided by 8.
4
Suppose -10*k + 15*k + 1320 = 0. Let f = 415 + k. Calculate the remainder when f is divided by 22.
19
Let z(v) = -v + 28 + 15 + 2. Calculate the remainder when z(15) is divided by 8.
6
Suppose 25 = q + 5*f, -74*q + 78*q - 4*f = 52. Calculate the remainder when 163 is divided by q.
13
Let t(x) = 3*x**2 - 30*x + 7. Let w(i) = -4*i**2 + 30*i - 6. Let u(k) = 7*t(k) + 6*w(k). What is the remainder when 20 is divided by u(-10)?
7
Let k be (6*(-8)/(-12))/(-2). Suppose -2*w + 27 = 2*o - 3, 0 = -w + 3*o + 19. Calculate the remainder when (-6 - -5)/(k/94) is divided by w.
15
Let r(o) = o**2 - 2*o - 7. Let w be r(-3). Suppose w + 19 = 3*f. Calculate the remainder when 33 is divided by f.
6
Suppose -j + 3*j - 28 = -5*n, -2*j + 4*n = -46. What is the remainder when 358 is divided by j?
16
Suppose 0*q + 739 = 5*q - p, 3*q = -2*p + 446. Calculate the remainder when q is divided by 10.
8
Suppose 3*y - 207 = 120. Calculate the remainder when y is divided by 19.
14
Suppose -1158 - 702 = -3*d. Suppose k = 3*k - d. What is the remainder when (k/(-20))/(1/(-6)) is divided by 32?
29
Let r(w) = -7*w**3 + w**2 + w + 1. Let t be r(-1). Suppose 6*u = t*u - 18. Suppose -5*g + u*g - 44 = 0. What is the remainder when 19 is divided by g?
8
Let q be 26 - ((1 - 3) + 1). Suppose n - 2*m = -2*n + q, -3*m = 9. Let u = n - -11. Calculate the remainder when 69 is divided by u.
15
Suppose 4*k = -2544*t + 2540*t + 60, 5*k = -2*t + 51. Calculate the remainder when (-156)/(-7) - (-8)/(-28) is divided by t.
6
Let r(x) = 10*x**2 + 6*x + 6. Let h = 30 - 33. What is the remainder when r(h) is divided by 27?
24
Let j(v) = -3*v. Let h(w) = -w**3 + 7*w**2 + 2*w - 36. What is the remainder when h(5) is divided by j(-3)?
6
Suppose -7*j = -5*q - 3*j + 71, 2*j - 36 = -4*q. Let d(k) = k**2 + 7*k + 9. Suppose -5*y - 9 = 21. What is the remainder when q is divided by d(y)?
2
Suppose 94*f - 32*f - 3348 = 0. Calculate the remainder when f is divided by 7.
5
Calculate the remainder when (10/8)/(13 + (-5453)/420) is divided by 43.
32
Suppose -2*w = 205 - 389. What is the remainder when w is divided by 44?
4
Suppose 6*j = 4*j + 12. Let u(n) = 14*n + 14. Let q be u(j). Suppose -8 = -g - 3*r, 0 = 5*g - 3*r - q + 22. What is the remainder when 67 is divided by g?
11
Suppose -3*k + 36 = 3*k. Suppose -176 - k = -7*z. What is the remainder when z is divided by 8?
2
What is the remainder when -291*20/45*60/(-40) is divided by 39?
38
Let z = 464 - 439. Suppose q - 2 = -2*q - 